number?
True
Is 6492149 a prime number?
False
Is 121500967 prime?
False
Is 15686581 a prime number?
True
Is 133542161 composite?
False
Is 1346595571 prime?
True
Is 7099769 prime?
True
Is 9594479 a composite number?
False
Is 878747 composite?
True
Is 17926423 composite?
True
Is 20629189 a composite number?
True
Is 1684347751 a composite number?
False
Is 427319 a prime number?
False
Is 6959959 prime?
False
Is 587073 prime?
False
Is 23462591 composite?
False
Is 2312069 a prime number?
True
Is 14801341 a composite number?
False
Is 28396349 composite?
False
Is 9490237 a prime number?
False
Is 263747251 prime?
False
Is 1518217 prime?
False
Is 1781173 a prime number?
True
Is 4392719 prime?
True
Is 371810695 prime?
False
Is 117319 a composite number?
False
Is 42870641 composite?
True
Is 125492569 a composite number?
False
Is 21323579 prime?
False
Is 3812899 a composite number?
False
Is 1605509 composite?
False
Is 2185507 a composite number?
True
Is 1066466393 composite?
False
Is 308406097 prime?
False
Is 28314319 a composite number?
True
Is 13101343 a composite number?
False
Is 1748359 a composite number?
False
Is 659982237 a composite number?
True
Is 3762667 a prime number?
True
Is 1949719 composite?
False
Is 975341 a composite number?
True
Is 120137191 a composite number?
False
Is 40581799 composite?
False
Is 76635373 composite?
False
Is 143612267 a composite number?
False
Is 5328031 a prime number?
False
Is 1693645967 a composite number?
True
Is 8070851 composite?
False
Is 113018999 composite?
True
Is 48755923 composite?
True
Is 194662681 prime?
True
Is 40205869 prime?
False
Is 2011003 a composite number?
False
Is 8356919 prime?
True
Is 9446159 composite?
True
Is 2455933 prime?
False
Is 17085623 a prime number?
True
Is 8509003 composite?
True
Is 12094883 composite?
True
Is 33545119 composite?
False
Is 17697083 a prime number?
False
Is 3537701 prime?
True
Is 478557947 a composite number?
True
Is 26901733 a composite number?
False
Is 9459041 composite?
False
Is 43665646 composite?
True
Is 2829161 composite?
True
Is 535583 a composite number?
True
Is 262573169 prime?
False
Is 107675587 composite?
True
Is 75643847 a composite number?
False
Is 49294753 prime?
True
Is 9828677 a prime number?
True
Is 70480429 a composite number?
False
Is 148717973 a prime number?
True
Is 15868903 composite?
True
Is 710893 a prime number?
False
Is 14682127 composite?
True
Is 82150829 a prime number?
True
Is 2126963 prime?
True
Is 1349003 composite?
False
Is 4369907 prime?
True
Is 195406633 a prime number?
False
Is 6861053 a prime number?
True
Is 484441 a composite number?
True
Is 154673 prime?
False
Is 1229197 a prime number?
True
Is 18942733 a composite number?
False
Is 5101997 a composite number?
False
Is 1139741 prime?
True
Is 445452307 a prime number?
False
Is 545023 prime?
True
Is 10776035 composite?
True
Is 117086441 a prime number?
True
Is 767070713 a prime number?
True
Is 18206663 a composite number?
False
Is 175507061 prime?
True
Is 3831883 a composite number?
True
Is 95794511 a prime number?
False
Is 8221087 prime?
False
Is 2065961 a composite number?
False
Is 220557089 prime?
False
Is 700499 composite?
False
Is 17541323 prime?
False
Is 38797441 prime?
False
Is 45878669 composite?
False
Is 4449526 a prime number?
False
Is 116204433 a prime number?
False
Is 6438871 a prime number?
True
Is 8836177 composite?
True
Is 45169195 prime?
False
Is 25629 composite?
True
Is 4919413 a prime number?
True
Is 59306959 composite?
True
Is 6340241 prime?
False
Is 10163897 prime?
False
Is 7843009 a composite number?
False
Is 698020135 composite?
True
Is 7884911 prime?
False
Is 22836503 a composite number?
False
Is 12047249 prime?
True
Is 2684653 a composite number?
True
Is 16391971 prime?
True
Is 893777 a composite number?
False
Is 2030363 prime?
True
Is 20298191 a composite number?
False
Is 26924351 a prime number?
False
Is 7659437 composite?
True
Is 3265027 a prime number?
False
Is 42883219 a prime number?
False
Is 83221807 a composite number?
True
Is 233073557 a composite number?
True
Is 76099267 a prime number?
False
Is 1502056615 a prime number?
False
Is 41917709 prime?
True
Is 3592319 prime?
True
Is 2452351 a composite number?
True
Is 225281 a prime number?
False
Is 102564143 a prime number?
False
Is 61244539 a composite number?
True
Is 36852587 a prime number?
False
Is 273253 composite?
False
Is 171660329 a composite number?
False
Is 539881 a prime number?
True
Is 1507471 a prime number?
False
Is 37363693 a prime number?
False
Is 13964083 prime?
False
Is 5958379 a composite number?
True
Is 157127645 composite?
True
Is 9435941 prime?
True
Is 11642881 a prime number?
False
Is 72197485 prime?
False
Is 463789 prime?
False
Is 68250571 prime?
True
Is 287698137 a prime number?
False
Is 106531 a prime number?
True
Is 529901 a composite number?
True
Is 1625173 a composite number?
True
Is 16235911 a composite number?
True
Is 6280643 prime?
False
Is 492227 composite?
False
Is 6414767 composite?
False
Is 18007201 a prime number?
True
Is 78469451 a composite number?
False
Is 1823477 composite?
True
Is 463583917 composite?
False
Is 107711407 prime?
False
Is 32460757 composite?
True
Is 22874633 a composite number?
False
Is 88920229 a prime number?
True
Is 206325569 a composite number?
False
Is 1189217 a prime number?
False
Is 310223 prime?
True
Is 20609639 a prime number?
True
Is 143046329 prime?
False
Is 428542277 a prime number?
True
Is 60161233 prime?
False
Is 1923569 a composite number?
True
Is 2655593 a composite number?
True
Is 2647457 a prime number?
False
Is 2390987 a prime number?
True
Is 3401399 composite?
True
Is 4979309 a composite number?
False
Is 181780007 prime?
True
Is 1841383 composite?
False
Is 493685 a composite number?
True
Is 10254317 prime?
False
Is 6768257 a composite number?
False
Is 10685957 prime?
True
Is 338021 a prime number?
False
Is 7423841 a composite number?
False
Is 8311687 a composite number?
False
Is 893369 prime?
False
Is 55555349 prime?
True
Is 2063983 a composite number?
False
Is 162682517 prime?
True
Is 4794355 a composite number?
True
Is 68648381 a prime number?
False
Is 878371 a composite number?
True
Is 2043901 prime?
False
Is 43929367 a composite number?
False
Is 10417009 prime?
True
Is 6388429 composite?
False
Is 3998041 prime?
True
Is 1431539 prime?
True
Is 235087 a prime number?
False
Is 168395099 a prime number?
True
Is 73926371 a composite number?
True
Is 38266419 a prime number?
False
Is 109881649 composite?
True
Is 19226683 composite?
True
Is 5000519 composite?
False
Is 64120262 a composite number?
True
Is 610327 a prime number?
True
Is 134873933 prime?
False
Is 25226843 a prime number?
True
Is 392803 prime?
True
Is 86694451 composite?
True
Is 8045909 prime?
False
Is 1853927 a composite number?
False
Is 1173157 a prime number?
True
Is 10183777 a prime number?
False
Is 58787279 composite?
False
Is 53303773 composite?
True
Is 218268859 prime?
True
Is 31415809 composite?
False
Is 2180957 a composite number?
False
Is 16631929 prime?
True
Is 7427863 prime?
False
Is 517967 prime?
True
Is 125661131 a composite number?
False
Is 250074541 composite?
True
Is 40767919 a prime number?
True
Is 3670607 composite?
True
Is 104437297 composite?
False
Is 7026953 prime?
False
Is 17352311 a composite number?
False
Is 6349829 prime?
False
Is 106454521 a prime number?
True
Is 8314 a prime number?
False
Is 11834791 a composite number?
False
Is 3028379 a composite number?
False
Is 5630201 a composite number?
False
Is 212093597 a composite number?
True
Is 5412649 composite?
True
Is 495247 composite?
True
Is 9873833 a prime number?
False
Is 1821829 composite?
True
Is 204821965 a prime number?
False
Is 47210699 a composite number?
True
Is 501576853 a composite number?
True
Is 7888343 a prime number?
True
Is 36010361 prime?
False
Is 939184511 a composite number?
False
Is 1938842 prime?
False
Is 9875917 a composite number?
False
Is 44580143 prime?
True
Is 7867279 composite?
True
Is 6220199 prime?
True
Is 31376501 prime?
False
Is 55791871 prime?
False
Is 9443831 composite?
False
Is 31759801 a prime number?
False
Is 1511889 a prime number?
False
Is 9226441 composite?
True
Is 147988153 composite?
False
Is 717665753 a composite number?
True
Is 6013583 composite?
False